{"id":14308,"date":"2023-08-08T17:12:08","date_gmt":"2023-08-08T14:12:08","guid":{"rendered":"https:\/\/www.sabasanat.com.tr\/?post_type=product&#038;p=14308"},"modified":"2024-10-06T14:29:43","modified_gmt":"2024-10-06T11:29:43","slug":"vazo-3","status":"publish","type":"product","link":"https:\/\/www.sabasanat.com.tr\/index.php\/urun\/vazo-3\/","title":{"rendered":"\u015eAH K\u00dcP KARA"},"content":{"rendered":"<p>Alt\u0131n yald\u0131zl\u0131 \u00e7ini<br \/>\n\u0130znik \u00e7inisi, \u00f6zel s\u0131rl\u0131, el boyamas\u0131<br \/>\nKapak hari\u00e7 30 cm<\/p>\n","protected":false},"excerpt":{"rendered":"<p>Alt\u0131n yald\u0131zl\u0131 \u00e7ini \u0130znik \u00e7inisi, \u00f6zel s\u0131rl\u0131, el boyamas\u0131 Kapak hari\u00e7 30 cm<\/p>\n","protected":false},"featured_media":14309,"comment_status":"open","ping_status":"closed","template":"","meta":[],"product_cat":[190,194],"product_tag":[],"class_list":["post-14308","product","type-product","status-publish","has-post-thumbnail","hentry","product_cat-cini-urunler","product_cat-vazolar"],"_links":{"self":[{"href":"https:\/\/www.sabasanat.com.tr\/index.php\/wp-json\/wp\/v3\/product\/14308","targetHints":{"allow":["GET"]}}],"collection":[{"href":"https:\/\/www.sabasanat.com.tr\/index.php\/wp-json\/wp\/v3\/product"}],"about":[{"href":"https:\/\/www.sabasanat.com.tr\/index.php\/wp-json\/wp\/v2\/types\/product"}],"replies":[{"embeddable":true,"href":"https:\/\/www.sabasanat.com.tr\/index.php\/wp-json\/wp\/v2\/comments?post=14308"}],"version-history":[{"count":2,"href":"https:\/\/www.sabasanat.com.tr\/index.php\/wp-json\/wp\/v3\/product\/14308\/revisions"}],"predecessor-version":[{"id":14946,"href":"https:\/\/www.sabasanat.com.tr\/index.php\/wp-json\/wp\/v3\/product\/14308\/revisions\/14946"}],"wp:featuredmedia":[{"embeddable":true,"href":"https:\/\/www.sabasanat.com.tr\/index.php\/wp-json\/wp\/v2\/media\/14309"}],"wp:attachment":[{"href":"https:\/\/www.sabasanat.com.tr\/index.php\/wp-json\/wp\/v2\/media?parent=14308"}],"wp:term":[{"taxonomy":"product_cat","embeddable":true,"href":"https:\/\/www.sabasanat.com.tr\/index.php\/wp-json\/wp\/v2\/product_cat?post=14308"},{"taxonomy":"product_tag","embeddable":true,"href":"https:\/\/www.sabasanat.com.tr\/index.php\/wp-json\/wp\/v2\/product_tag?post=14308"}],"curies":[{"name":"wp","href":"https:\/\/api.w.org\/{rel}","templated":true}]}}