{"id":14358,"date":"2023-08-09T18:03:53","date_gmt":"2023-08-09T15:03:53","guid":{"rendered":"https:\/\/www.sabasanat.com.tr\/?post_type=product&#038;p=14358"},"modified":"2024-10-26T21:52:56","modified_gmt":"2024-10-26T18:52:56","slug":"vazo-15","status":"publish","type":"product","link":"https:\/\/www.sabasanat.com.tr\/index.php\/urun\/vazo-15\/","title":{"rendered":"\u015eAH K\u00dcP KLAS\u0130K"},"content":{"rendered":"<p>\u0130ZN\u0130K \u00c7\u0130N\u0130S\u0130 EL YAPIMI KLAS\u0130K DESENL\u0130 \u015eAH K\u00dcP<\/p>\n","protected":false},"excerpt":{"rendered":"<p>\u0130ZN\u0130K \u00c7\u0130N\u0130S\u0130 EL YAPIMI KLAS\u0130K DESENL\u0130 \u015eAH K\u00dcP<\/p>\n","protected":false},"featured_media":14514,"comment_status":"open","ping_status":"closed","template":"","meta":[],"product_cat":[190,195,20],"product_tag":[],"class_list":["post-14358","product","type-product","status-publish","has-post-thumbnail","hentry","product_cat-cini-urunler","product_cat-kup","product_cat-urunler"],"_links":{"self":[{"href":"https:\/\/www.sabasanat.com.tr\/index.php\/wp-json\/wp\/v3\/product\/14358","targetHints":{"allow":["GET"]}}],"collection":[{"href":"https:\/\/www.sabasanat.com.tr\/index.php\/wp-json\/wp\/v3\/product"}],"about":[{"href":"https:\/\/www.sabasanat.com.tr\/index.php\/wp-json\/wp\/v2\/types\/product"}],"replies":[{"embeddable":true,"href":"https:\/\/www.sabasanat.com.tr\/index.php\/wp-json\/wp\/v2\/comments?post=14358"}],"version-history":[{"count":3,"href":"https:\/\/www.sabasanat.com.tr\/index.php\/wp-json\/wp\/v3\/product\/14358\/revisions"}],"predecessor-version":[{"id":14998,"href":"https:\/\/www.sabasanat.com.tr\/index.php\/wp-json\/wp\/v3\/product\/14358\/revisions\/14998"}],"wp:featuredmedia":[{"embeddable":true,"href":"https:\/\/www.sabasanat.com.tr\/index.php\/wp-json\/wp\/v2\/media\/14514"}],"wp:attachment":[{"href":"https:\/\/www.sabasanat.com.tr\/index.php\/wp-json\/wp\/v2\/media?parent=14358"}],"wp:term":[{"taxonomy":"product_cat","embeddable":true,"href":"https:\/\/www.sabasanat.com.tr\/index.php\/wp-json\/wp\/v2\/product_cat?post=14358"},{"taxonomy":"product_tag","embeddable":true,"href":"https:\/\/www.sabasanat.com.tr\/index.php\/wp-json\/wp\/v2\/product_tag?post=14358"}],"curies":[{"name":"wp","href":"https:\/\/api.w.org\/{rel}","templated":true}]}}